ulate c(4).
5
Let t(h) = h**2 + 8*h - 14. Calculate t(-9).
-5
Let u(z) = -z**3 - 10*z**2 - 11*z - 10. Give u(-9).
8
Let p(c) = 2*c + 14. Determine p(-8).
-2
Let c(y) = y - 7. Determine c(-1).
-8
Let c(o) = 2*o**3 - 4*o**2 + 3*o + 3. Determine c(3).
30
Let o(j) = j - 12. Calculate o(-8).
-20
Let m(c) = -2*c**2 + 26*c - 112. Calculate m(8).
-32
Let m(h) = 9*h - 69. Give m(13).
48
Let q(h) = -3*h - 18. Calculate q(-6).
0
Let v(g) = 6*g - 8. Calculate v(5).
22
Let k(s) = 10*s - 22. Give k(5).
28
Let v(m) = -m**3 + 2*m**2 + 8*m - 7. Calculate v(5).
-42
Let a(h) = h - 4. Calculate a(8).
4
Let m(q) = -q**3 + 17*q**2 + 24*q - 38. Calculate m(18).
70
Let a(j) = -2*j - 1. What is a(-1)?
1
Let l(g) = -3*g**2 + 15*g - 2. Determine l(6).
-20
Let o(h) = -h**2 - 15*h. Calculate o(-15).
0
Let a(q) = -25*q - 683. What is a(-27)?
-8
Let d(v) = -v**2 - 24*v - 15. Determine d(-22).
29
Let u(c) = -c**2 + 25*c - 156. Calculate u(10).
-6
Let n(j) = -13*j**2 + 65*j - 4. What is n(5)?
-4
Let s(d) = -d**3 + 8*d**2 + 2*d - 11. Determine s(8).
5
Let y(u) = -5*u - 41. Give y(-12).
19
Let o(z) = 19*z + 1. Determine o(-1).
-18
Let p(w) = -w**2 - 13*w + 7. Calculate p(-6).
49
Let g(f) = 6*f**2 - 9*f - 2. Give g(1).
-5
Let g(t) = -12*t**3 + 3*t + 2. Calculate g(-1).
11
Let s(r) = r**3 - 6*r**2 - r + 3. Give s(6).
-3
Let n(i) = -i**2 + 11*i + 7. Give n(6).
37
Let t(j) = j**2 + 25*j + 150. Determine t(-16).
6
Let a(i) = i**3 - 8*i**2 + 22*i - 101. Give a(7).
4
Let b(c) = -8*c - 14. Give b(3).
-38
Let b(g) = -g**3 + 7*g**2 + 14*g + 1. What is b(10)?
-159
Let b(w) = 2*w**2 + 46*w + 47. Determine b(-22).
3
Let i(w) = 5*w + 6. Determine i(-4).
-14
Let y(w) = 2*w**2 + 14*w - 15. Calculate y(1).
1
Let a(f) = f**3 + 4*f**2 + 3*f + 1. Give a(-2).
3
Let z(o) = -o**2 + 10*o + 1. Give z(7).
22
Let c(j) = 6*j**3 + 4*j**2 + 3*j - 1. Determine c(-2).
-39
Let k(y) = 2*y**2 - 32*y - 30. Give k(17).
4
Let l(t) = -3*t - 10. Calculate l(-8).
14
Let p(v) = -2*v**3 + 16*v**2 - 32*v + 4. Give p(5).
-6
Let d(x) = -2*x - 9. Give d(-7).
5
Let c(n) = 6*n**2 + 69*n + 18. Calculate c(-11).
-15
Let q(l) = 5*l + 24. Calculate q(-6).
-6
Let z(l) = -l**3 - 18*l**2 - 19*l - 31. Give z(-17).
3
Let d(a) = -54*a + 321. What is d(6)?
-3
Let s(h) = -2*h + 20. What is s(0)?
20
Let r(j) = -32*j + 131. What is r(4)?
3
Let z(a) = a**3 + 9*a**2 + 12*a + 11. Calculate z(-8).
-21
Let g(z) = 20*z - 2. Determine g(4).
78
Let k(n) = -n**3 + 3*n**2 + 5. What is k(3)?
5
Let l(i) = i**2 + 5*i - 75. Determine l(7).
9
Let s(t) = -t**3 - 7*t**2 + 7*t - 13. Give s(-8).
-5
Let b(t) = t**2 + 12*t + 13. Give b(-12).
13
Let j(i) = i**3 + 2*i**2 - 24*i + 3. Calculate j(3).
-24
Let l(x) = x**3 - x**2 + 3*x - 4. Calculate l(4).
56
Let f(y) = -y**2 + 11*y - 39. Give f(3).
-15
Let k(c) = 4*c - 46. Give k(11).
-2
Let g(v) = v**3 + 24*v**2 + 83*v + 50. Determine g(-20).
-10
Let s(b) = -b**3 - 4*b**2 + 4*b - 2. Calculate s(-5).
3
Let n(q) = -q**3 + 6*q**2 + 24*q + 33. Give n(9).
6
Let g(v) = 2*v + 57. Calculate g(-26).
5
Let r(i) = -13*i**3 - 2*i**2 + 3*i. Calculate r(-2).
90
Let s(r) = -36*r + 217. What is s(6)?
1
Let g(o) = -o**2 - 27*o - 86. Give g(-18).
76
Let r(b) = b**3 - 8*b**2 + 6*b + 12. Calculate r(7).
5
Let v(n) = -n**2 - 13*n. Give v(-14).
-14
Let t(w) = w**2 - 7*w - 1. Calculate t(7).
-1
Let j(v) = v**3 - v**2 + 3*v - 2. Give j(1).
1
Let q(o) = -27*o + 79. Determine q(3).
-2
Let i(y) = -y**2 + 7*y + 9. What is i(11)?
-35
Let p(v) = -v - 18. What is p(9)?
-27
Let z(x) = -10*x + 64. Determine z(4).
24
Let p(j) = 3*j + 7. What is p(-17)?
-44
Let x(i) = -2*i + 2. Determine x(-5).
12
Let i(f) = -f**3 - 54*f**2 - f - 55. What is i(-54)?
-1
Let m(j) = -j**3 + 6*j**2 + 17. Calculate m(6).
17
Let a(g) = -g + 45. Give a(0).
45
Let o(m) = 9*m**2 + 2*m - 2. What is o(1)?
9
Let r(t) = -3*t + 34. Determine r(16).
-14
Let d(h) = 5*h - 5. Give d(12).
55
Let a(p) = 2*p**2 + p. Determine a(-2).
6
Let d(s) = -s**2 + 7*s - 29. Determine d(8).
-37
Let j(i) = i**2 - 7*i - 21. What is j(9)?
-3
Let w(k) = -13*k + 13. What is w(0)?
13
Let n(u) = -u - 4. What is n(2)?
-6
Let s(w) = 7*w**2 - 5*w - 2. Give s(-2).
36
Let n(w) = 239*w + 1432. What is n(-6)?
-2
Let u(v) = -4*v + 9. Give u(6).
-15
Let f(v) = v - 12. Give f(13).
1
Let i(g) = -2*g - 5. Determine i(-15).
25
Let h(m) = 7*m**3 + m + 1. What is h(-1)?
-7
Let p(j) = j**2 - 4*j - 19. What is p(7)?
2
Let d(q) = -11*q**2 - 2*q - 4. Determine d(-3).
-97
Let p(a) = -a**3 - 11*a**2 - 30*a - 6. Calculate p(-6).
-6
Let l(x) = x**3 + 6*x**2 - 3*x - 8. What is l(-6)?
10
Let g(c) = -c**3 - 9*c**2 + 15*c + 11. Determine g(-10).
-39
Let c(m) = -2*m**3 + m**2 + 3*m - 4. What is c(-3)?
50
Let x(r) = -r**3 + 38*r**2 + 40*r - 42. What is x(39)?
-3
Let m(o) = -12*o - 1. Give m(-4).
47
Let a(n) = 4*n + 26. Calculate a(-7).
-2
Let y(x) = 4*x + 7. What is y(-8)?
-25
Let p(j) = j**2 - j - 2. Give p(0).
-2
Let a(t) = 11*t**2 + t. Calculate a(-2).
42
Let z(x) = -6*x + 8. What is z(-16)?
104
Let x(s) = s**2 + 10*s - 2. What is x(-11)?
9
Let j(k) = -17*k + 23. Determine j(6).
-79
Let s(x) = -x**3 - 6*x**2 - x - 13. What is s(-6)?
-7
Let x(a) = -a + 28. Determine x(9).
19
Let d(y) = y**3 - 11*y**2 + 25*y + 35. Calculate d(7).
14
Let k(i) = i**2 + 10*i - 2. Determine k(-9).
-11
Let m(t) = -t**3 + 21*t**2 + 101*t - 36. What is m(25)?
-11
Let p(x) = -4*x + 1. Determine p(1).
-3
Let r(k) = 4*k + 67. Calculate r(-15).
7
Let c(k) = 40*k - 4. Calculate c(3).
116
Let y(p) = -p**2 - 9*p + 16. Determine y(-11).
-6
Let g(s) = s**3 + 5*s**2 - 2*s - 6. Calculate g(-4).
18
Let w(u) = -7*u - 107. Give w(-12).
-23
Let l(p) = p**3 - 15*p**2 - 32*p - 39. Calculate l(17).
-5
Let l(c) = 3*c + 16. What is l(-6)?
-2
Let c(w) = -w**3 - 9*w**2 - 9*w - 8. Determine c(-8).
0
Let u(v) = -5*v + 21. Determine u(1).
16
Let o(d) = -3*d - 9. Calculate o(4).
-21
Let z(b) = 14*b - 1. Determine z(1).
13
Let s(p) = -p + 8. What is s(14)?
-6
Let x(h) = -h**3 - 2*h - 24. Determine x(0).
-24
Let j(c) = 10*c - 64. What is j(7)?
6
Let q(r) = r**3 - 2*r**2 + 2*r + 2. Determine q(2).
6
Let f(y) = -y**3 + 5*y**2 + 14*y - 1. What is f(7)?
-1
Let y(h) = h**3 - 9*h**2 + 11*h - 12. What is y(6)?
-54
Let n(j) = j**3 + 2*j**2 + 4*j + 9. Give n(-3).
-12
Let y(u) = u**3 + 5*u**2 + 2*u - 6. Determine y(-3).
6
Let t(i) = i**2 + 4*i - 7. Determine t(-5).
-2
Let a(q) = -7*q - 104. Give a(-16).
8
Let b(m) = -m**3 - 3*m**2 + 17*m + 7. Calculate b(-6).
13
Let d(q) = 6*q + 9. Calculate d(5).
39
Let t(y) = y**2 - 7*y - 3. What is t(8)?
5
Let x(z) = 11*z**2 + z + 1. What is x(-2)?
43
Let i(s) = -s**2 + 23*s - 83. Determine i(5).
7
Let h(a) = a**3 - 4*a + 2. Give h(0).
2
Let s(b) = -b**3 - 15*b**2 - 7*b - 15. Calculate s(-15).
90
Let k(w) = -w**2 - 21*w - 28. Determine k(-20).
-8
Let i(c) = -2*c**3 + 2*c**2 - 1. Calculate i(2).
-9
Let u(h) = -h**3 - 2*h**2 + 22*h - 1. Calculate u(4).
-9
Let v(q) = -q**3 + 25*q**2 + 27*q + 18. Determine v(26).
44
Let a(t) = -t**2 + 21*t - 58. Calculate a(18).
-4
Let w(l) = l + 19. Calculate w(-17).
2
Let j(m) = -26*m**3 + 2*m**2 + 2*m. Give j(-1).
26
Let v(s) = -3*s + 5. Calculate v(4).
-7
Let z(v) = v**2 - 4*v + 7. Calculate z(2).
3
Let r(u) = -7*u - 215. Give r(-33).
16
Let s(r) = -r**3 + 10*r**2 - 3*r + 9. What is s(10)?
-21
Let w(g) = -g + 4. What is w(-6)?
10
Let l(u) = -2*u + 3. Give l(5).
-7
Let t(n) = 6*n - 181. What is t(37)?
41
Let m(p) = p**2 + 2*p. Calculate m(-5).
15
Let y(h) = h**2 + 15*h + 8. Give y(-12).
-28
Let f(y) = -6*y - 12. Determine f(10).
-72
Let g(f) = -5*f. What is g(-4)?
20
Let j(m) = -m**2 + m + 6. What is j(-5)?
-24
Let d(v) = 4*v - 94. What is d(24)?
2
Let s(l) = -2*l**2 + 7*l + 1. Determine s(4).
-3
Let s(d) = -5*d + 2. Calculate s(-4).
22
Let z(q) = -5*q - 15. What is z(-4)?
5
Let f(c) = -c**2 - 28*c + 136. What is f(5)?
-29
Let q(x) = 47*x + 387. What is q(-8)?
11
Let i(r) = r**2 + r - 6. Determine i(6).
36
Let m(v) = -v - 11. Calculate m(0).
-11
Let n(y) = y**2 + 7*y - 7. What is n(-6)?
-13
Let j(g) = g**3 + 3*g**2 - g + 5. Determine j(-4).
-7
Let x(u) = -u + 4. What is x(9)?
-5
Let q(v) = -v**2 + 23*v + 81. Calculate q(-3).
3
Let d(b) = 9*b - 32. What is d(6)?
22
Let p(s) = 55*s - 8. Determine p(-2).
-118
Let b(c) = -c**3 + 6*c**2 + 5*c - 9. What is b(6)?
21
Let a(i) = -i**2 - 2*i + 16. What is a(4)?
-8
Let r(v) = -v**